 6*z**2 - 6. What is the tens digit of y(-5)?
1
Let j = 1 - 1. Suppose 3 = 3*g - 27. Suppose 2*s = 2*h - g, -2*s - 3*s + 5 = j. What is the units digit of h?
6
Suppose l = -2*l + 6. Suppose -n = 4*p - 16 - 3, -l*n = -3*p + 17. What is the units digit of p?
5
Suppose z - 9 - 51 = 0. Suppose z = 6*v - 2*v. Suppose v = 3*l - 0*l. What is the units digit of l?
5
What is the tens digit of ((-6)/6)/(2/(-72))?
3
Let h(g) = -g + 10. Let l be h(-12). Suppose l = 2*z + 4. What is the units digit of z?
9
What is the hundreds digit of 15/(-25) - ((-2424)/15 + -3)?
1
Let m = -21 - -15. What is the units digit of (-33)/(((-27)/m)/(-3))?
2
Suppose -24 + 213 = 7*n. What is the tens digit of n?
2
Let b(c) be the second derivative of -c**3/6 + 3*c. Let p be b(-3). Suppose 5*o - 67 = 5*w + 18, 2*o - 49 = -p*w. What is the units digit of o?
0
Let f be (-13)/2*(4 - 2). Let k = 4 - f. Let t = k + -8. What is the units digit of t?
9
What is the units digit of (-6)/24 - (3 + 354/(-8))?
1
Let u(y) = y**3 - 25*y**2 + 27*y - 27. What is the tens digit of u(24)?
4
Let u = -108 + 156. What is the tens digit of u?
4
Suppose -65 = -2*p + 97. What is the tens digit of p?
8
What is the tens digit of (40/14)/(6/42)?
2
Suppose 8*u - 781 = 107. What is the units digit of u?
1
Let r = -1 + 1. Suppose 2*x = -m - x + 23, r = -5*m + 5*x + 115. Suppose -8 = 4*g + 5*o, -g + 4*o = -m + 4. What is the units digit of g?
3
Let o(b) = 0*b - 2*b + b. Let d be o(0). Suppose d = -g - 3*z + 16, 4*z + 1 = 3*g + 5. What is the units digit of g?
4
Suppose 0 = 2*o + f - 5*f - 16, -4*o - f + 14 = 0. Suppose -4*t = 2*c - 26, -4*c - 2*t = -o*t - 62. What is the units digit of c?
5
Let f(c) = -c**2 + 8*c + 1. Suppose -2*o + 7 = -9. Let j be f(o). Suppose 2*u - 2*b - 13 = j, u = -2*b - 2. What is the units digit of u?
4
Suppose 0 = 3*u - 5*t + 3, 6*u = 3*u - t + 15. Suppose u*f = -51 + 131. What is the tens digit of f?
2
Let r(m) = m**2 - 6*m + 2. What is the units digit of r(7)?
9
Suppose 0 = -4*c - 0*c - 2*n - 8, 5*c + 3*n + 12 = 0. Suppose c*v = -v. Let w(q) = q + 12. What is the tens digit of w(v)?
1
Let f be (-10)/35 + (-30)/(-7). Suppose -2*c - 2*c + f = 0. Let h = c - -8. What is the units digit of h?
9
Let r be 3 + -2 - (-1 - 18). Suppose o = 2*n - 3 + r, 3*n = -12. Suppose -t = -6 - o. What is the units digit of t?
5
Suppose -3*i + 3 + 15 = 0. What is the units digit of i?
6
Suppose -3*m + 2 = m + h, -3*h - 11 = -5*m. Let p be (4/m)/2 + 7. Let c = 16 - p. What is the units digit of c?
7
Let j = 0 - -3. Suppose 4*p - v + 57 = 6*p, j*v = -2*p + 51. Suppose 10 + p = 4*s. What is the tens digit of s?
1
Suppose -2*h - 19 - 34 = -n, 0 = 3*n - 3*h - 174. What is the tens digit of n?
6
Suppose 5*s - 337 = 68. What is the units digit of s?
1
Let g = 3 - 2. Let v = g - 6. Let w(x) = -x**3 - 6*x**2 - 7*x - 1. What is the units digit of w(v)?
9
Let r(h) = h**3 + 6*h**2 - h - 10. Let a be r(-6). What is the units digit of -3*a/(-4)*-9?
7
Suppose 2*y - 5*l = -4*l + 137, -3*y = -4*l - 218. What is the units digit of y?
6
Let c be 4/6 + (-22)/(-3). Suppose 0 = 3*r - 4*r. Suppose l + r*l = c. What is the units digit of l?
8
Suppose -70 = -2*c - 2*q, -1 = -3*q + 2. What is the tens digit of c?
3
Let d(c) = -7*c**2 + c + 6 - 3*c**2 + 9*c**2 + c**3. What is the units digit of d(0)?
6
Suppose 62 = l + l. What is the units digit of l?
1
Let s(m) = m**2 + m + 1. Let y(v) = 7*v**2 + 6*v + 3. Let n(u) = 6*s(u) - y(u). Let a be n(3). Let b(i) = -i**2 - 9*i - 6. What is the units digit of b(a)?
2
Let o be 4 - 4 - (-2 + 0). What is the units digit of o/(3/(87/2))?
9
Suppose 1 = 3*m + 3*d - 5*d, -2*m = 4*d - 22. Let l(k) = -k**3 + 2*k**2 + 2*k + 2. Let y be l(m). What is the units digit of (1 - (-2)/2) + y?
1
Suppose -4 = -3*m + 2, 5*q - 2*m - 1141 = 0. What is the units digit of q?
9
Suppose 3*r = 7*r - 196. What is the units digit of r?
9
Let f be (-3039)/(-6) - (-5)/10. What is the tens digit of (-6)/(-27) - f/(-27)?
1
Suppose 0*h + 2*h - 46 = 0. What is the units digit of h?
3
Let h(p) = 3*p**2 - 2*p - 3. What is the units digit of h(-2)?
3
Let k = 5 - 3. Suppose k*b = -3*b + 50. What is the tens digit of b?
1
Let k(d) = 7*d**2 - 2*d + 1. Let y(b) = b + 6. Let p be (3 + -2)/(-2)*10. Let j be y(p). What is the units digit of k(j)?
6
Let z(u) be the first derivative of u**3/3 + u**2/2 + 4*u - 2. What is the units digit of z(0)?
4
Suppose 3*u - 5*r + 18 = 4*u, -10 = -2*u + 3*r. Let i = 12 + -30. What is the units digit of (u/6)/((-3)/i)?
8
Let o = 21 - 18. Suppose -o*u - 63 = -6*u. What is the units digit of u?
1
Let q = -1 + 0. What is the tens digit of q/1 + (11 - -2)?
1
Suppose -3*c + 290 = -46. What is the units digit of c?
2
Let r(c) = -c + 6. Let i be r(-6). Suppose 0*l + 3*l - i = 0. Suppose 0 = -w - l*w + 20. What is the units digit of w?
4
Let w(q) = -q**3 + 17*q**2 - 15*q + 13. Let c = 27 - 11. What is the tens digit of w(c)?
2
Let f = 7 - -6. Let z = f + -18. What is the units digit of (-43)/z + 4/10?
9
Suppose -2*i + 36 = 3*y, -2*y - i = -0*i - 24. Suppose y*k - 33 = 11*k. What is the tens digit of k?
3
Suppose -c + 77 = 3*l, -2*l = -3*c - 0*l + 253. What is the units digit of c?
3
Let o = -7 - -14. Suppose c - 13 = o. What is the tens digit of c?
2
Let r(y) = -y. Let z be r(-3). Suppose -5*w - 2*l = -30, 2*w + 24 = 6*w - 3*l. Suppose w*v - z = 3*v. What is the units digit of v?
1
Let y = 15 + -2. Let c = y + -9. Suppose c*b - 11 - 25 = 0. What is the units digit of b?
9
Let g = -2 + 6. Suppose -g - 5 = -3*v. Suppose 0 = 5*z + v - 18. What is the units digit of z?
3
Let r(c) be the first derivative of c**4/4 - 3*c**3 - 9*c**2/2 + 2*c + 8. What is the units digit of r(10)?
2
Let m(g) = -7*g - 6. Suppose 2*p - 5 = 3, 3*a + 30 = 3*p. What is the units digit of m(a)?
6
Let v = 136 - 69. Let g = v - 17. What is the units digit of g?
0
Let m = -18 - -32. Suppose 5*v - 39 + m = 0. Suppose -5*j + 14 = t - 14, -v*j - 5*t + 40 = 0. What is the units digit of j?
5
Let m = -2 + 26. Let f = -10 + m. Let a = 20 - f. What is the units digit of a?
6
What is the hundreds digit of 53997/164 - (18/(-8))/3?
3
Suppose 0 = -y - 1, -4*q = 2*y - 136 + 30. Let b(d) = 17*d**3 - d**2 + 2*d + 3. Let f be b(-1). Let n = q + f. What is the units digit of n?
0
What is the hundreds digit of (2 + 1 + -2)*101?
1
Let a(h) be the second derivative of -3*h**5/20 + h. Let b(v) = v + 7. Let m be b(-8). What is the units digit of a(m)?
3
Suppose -20 = -3*p - p. Let x(b) = -b**2 + 5*b + 3. Let o be x(p). Suppose -o*d - 15 = -8*d. What is the units digit of d?
3
Let c(m) = 4*m**2 - 2*m + 9. Let n(x) = -3*x**2 + 3*x - 8. Let i(b) = -2*c(b) - 3*n(b). Let l be i(4). Suppose 0 = -l*t + t + 6. What is the units digit of t?
6
Suppose -l - 4 + 32 = 0. What is the units digit of l?
8
Let d(m) = -5*m + 2. Let p = 1 + -8. What is the units digit of d(p)?
7
Suppose 0 = -0*g + 3*g + 3. Let b be (g - (2 + -2)) + 17. Suppose -u + m = -b, -u - m = 7 - 25. What is the units digit of u?
7
Suppose 18 = 3*r + 3*z, -3*z + 10 = 2*r - 2*z. Suppose 5*k + 5*t + 13 = 3, -r*k - 3*t - 4 = 0. What is the units digit of k?
2
What is the units digit of (-107)/(-5) - (-26)/(-65)?
1
Let n(w) = -w**3 - 3*w**2 + 7*w + 3. Let f = -5 - 0. What is the units digit of n(f)?
8
Suppose 2*r = 5*k + 34, 3*k - 2*k + 20 = -4*r. Let v be 12/k*40/(-6). What is the units digit of v/((-3)/(2*-3))?
0
Suppose 12 + 13 = 5*d. Suppose 2*m + 5*l = 37, -d*m + 0*m + 4*l = -10. What is the units digit of m?
6
What is the tens digit of (-1)/2*-66 + -1?
3
Let i be (18/12)/((-2)/(-112)). What is the tens digit of 1 - i/((-6)/2)?
2
Let z be (-38)/(-3) + (-6)/9. Let p = 6 - z. What is the tens digit of (-16 + p)*(-2)/4?
1
Let u be (-2 - 0 - -1) + 27. What is the tens digit of (-18)/6 + (u - 0)?
2
Suppose 3*f - t - 2 = 5, -3*t - 6 = -4*f. Suppose -f*i + 36 = -0*i. What is the tens digit of i?
1
Suppose 0 = 2*w - 70 + 10. Suppose 2*l - 2*p = w, -p = -3*l - 0*p + 45. What is the tens digit of l?
1
Let t = 26 + 1. What is the tens digit of t?
2
What is the units digit of -1*(-115 + -5 + 0)?
0
Let k(w) = 12*w - 22. What is the units digit of k(7)?
2
Let x = 484 + -254. What is the units digit of x?
0
Suppose -182 = -2*q - 44. What is the tens digit of q?
6
Let z(p) = -2*p + 1. Let r be z(-1). Let a(o) = o**3 - 2